{"id":30,"date":"2018-09-09T16:44:48","date_gmt":"2018-09-09T14:44:48","guid":{"rendered":"http:\/\/www.nahetv.de\/?page_id=30"},"modified":"2018-09-10T12:53:14","modified_gmt":"2018-09-10T10:53:14","slug":"nahetv","status":"publish","type":"page","link":"https:\/\/www.nahetv.de\/?page_id=30","title":{"rendered":"Verein &#038; Studio"},"content":{"rendered":"<p>Der Tr\u00e4gerverein des naheTV Studios Bad Kreuznach ist ein gemeinn\u00fctziger eingetragener Verein und hat ca. 50 Mitglieder, darunter auch Firmen und Institutionen. Er wurde 2003 gegr\u00fcndet und dient seitdem der Unterst\u00fctzung des Senders.<\/p>\n<p>Der Verein ist zust\u00e4ndig f\u00fcr die lokale Betreung des Senders und f\u00fcr den Betrieb der Gesch\u00e4ftsstelle. Er ist auch Ansprechpartner f\u00fcr medienpolitsche Fragen in Bad Kreuznach. Er finanziert seine mediale Bildungsarbeit ausschlie\u00dflich \u00fcber Spenden und Mitgliedsbeitr\u00e4ge. Wenn auch Sie Mitglied im Verein werden wollen, kontaktieren Sie uns gerne.<\/p>\n<p>OK-TVs sind semiprofessionelle B\u00fcrgerfernsehsender, die von ehrenamtlich getragenen Tr\u00e4gervereinen organisiert werden. OK-TVs bieten Einzelpersonen und Gruppen aus Rheinland-Pfalz die M\u00f6glichkeit, das Medium Fernsehen in eigener Verantwortung durch selbst produzierte Sendebeitr\u00e4ge zu nutzen. Diese werden in regionalen Kabelnetzen analog und digital ausgestrahlt und auch weltweit im Internet-Stream.<\/p>\n<p>OK-TV ruhen auf den beiden S\u00e4ulen \u201eLokales\u201c und \u201eBildung\u201c. Als B\u00fcrgermedium sind OK-TV-Sender unverzichtbarer Bestandteil einer lokalen\/regionalen Kommunikationsinfrastruktur. Daneben dienen die Ressourcen der B\u00fcrgermedien der F\u00f6rderung der Medienkompetenz.<\/p>\n<p>Wir laden Sie gerne ein mitzumachen!<\/p>\n","protected":false},"excerpt":{"rendered":"<p>Der Tr\u00e4gerverein des naheTV Studios Bad Kreuznach ist ein gemeinn\u00fctziger eingetragener Verein und hat ca. 50 Mitglieder, darunter auch Firmen und Institutionen. Er wurde 2003 gegr\u00fcndet und dient seitdem der [&hellip;]<\/p>\n","protected":false},"author":2,"featured_media":0,"parent":0,"menu_order":0,"comment_status":"closed","ping_status":"closed","template":"","meta":{"saved_in_kubio":false,"_EventAllDay":false,"_EventTimezone":"","_EventStartDate":"","_EventEndDate":"","_EventStartDateUTC":"","_EventEndDateUTC":"","_EventShowMap":false,"_EventShowMapLink":false,"_EventURL":"","_EventCost":"","_EventCostDescription":"","_EventCurrencySymbol":"","_EventCurrencyCode":"","_EventCurrencyPosition":"","_EventDateTimeSeparator":"","_EventTimeRangeSeparator":"","_EventOrganizerID":[],"_EventVenueID":[],"_OrganizerEmail":"","_OrganizerPhone":"","_OrganizerWebsite":"","_VenueAddress":"","_VenueCity":"","_VenueCountry":"","_VenueProvince":"","_VenueState":"","_VenueZip":"","_VenuePhone":"","_VenueURL":"","_VenueStateProvince":"","_VenueLat":"","_VenueLng":"","_VenueShowMap":false,"_VenueShowMapLink":false,"footnotes":""},"class_list":["post-30","page","type-page","status-publish","hentry"],"kubio_ai_page_context":{"short_desc":"","purpose":"general"},"_links":{"self":[{"href":"https:\/\/www.nahetv.de\/index.php?rest_route=\/wp\/v2\/pages\/30","targetHints":{"allow":["GET"]}}],"collection":[{"href":"https:\/\/www.nahetv.de\/index.php?rest_route=\/wp\/v2\/pages"}],"about":[{"href":"https:\/\/www.nahetv.de\/index.php?rest_route=\/wp\/v2\/types\/page"}],"author":[{"embeddable":true,"href":"https:\/\/www.nahetv.de\/index.php?rest_route=\/wp\/v2\/users\/2"}],"replies":[{"embeddable":true,"href":"https:\/\/www.nahetv.de\/index.php?rest_route=%2Fwp%2Fv2%2Fcomments&post=30"}],"version-history":[{"count":3,"href":"https:\/\/www.nahetv.de\/index.php?rest_route=\/wp\/v2\/pages\/30\/revisions"}],"predecessor-version":[{"id":141,"href":"https:\/\/www.nahetv.de\/index.php?rest_route=\/wp\/v2\/pages\/30\/revisions\/141"}],"wp:attachment":[{"href":"https:\/\/www.nahetv.de\/index.php?rest_route=%2Fwp%2Fv2%2Fmedia&parent=30"}],"curies":[{"name":"wp","href":"https:\/\/api.w.org\/{rel}","templated":true}]}}